f 1213273024?
2
What is the hundred thousands digit of 15594972?
5
What is the ten thousands digit of 2217906463?
0
What is the hundreds digit of 646811882?
8
What is the units digit of 125847410?
0
What is the billions digit of 1815903710?
1
What is the ten millions digit of 4395374895?
9
What is the ten thousands digit of 168239120?
3
What is the tens digit of 1026703229?
2
What is the thousands digit of 233791632?
1
What is the hundreds digit of 94715745?
7
What is the hundred millions digit of 255949465?
2
What is the units digit of 20772767?
7
What is the hundred thousands digit of 270046252?
0
What is the hundreds digit of 44676401?
4
What is the hundreds digit of 89156699?
6
What is the ten thousands digit of 9588806465?
0
What is the hundred thousands digit of 3166425447?
4
What is the hundred thousands digit of 17358021?
3
What is the millions digit of 2169145121?
9
What is the billions digit of 1305576941?
1
What is the tens digit of 217081887?
8
What is the ten millions digit of 346083933?
4
What is the hundred thousands digit of 124629443?
6
What is the ten thousands digit of 1668977453?
7
What is the hundreds digit of 1604730457?
4
What is the hundreds digit of 637048977?
9
What is the ten millions digit of 7839872658?
3
What is the tens digit of 378563934?
3
What is the hundreds digit of 797539783?
7
What is the thousands digit of 3156036794?
6
What is the tens digit of 278703473?
7
What is the ten millions digit of 190171488?
9
What is the millions digit of 52515299?
2
What is the hundreds digit of 9929137?
1
What is the thousands digit of 1003949444?
9
What is the ten thousands digit of 15439245?
3
What is the hundred millions digit of 1302415663?
3
What is the ten thousands digit of 24850339?
5
What is the millions digit of 78111937?
8
What is the hundreds digit of 41392657?
6
What is the ten millions digit of 47202234?
4
What is the tens digit of 906828854?
5
What is the ten thousands digit of 1663695966?
9
What is the hundred thousands digit of 10707215?
7
What is the hundred thousands digit of 784792253?
7
What is the tens digit of 299447155?
5
What is the hundreds digit of 926963917?
9
What is the units digit of 4688662?
2
What is the hundred millions digit of 1121499302?
1
What is the thousands digit of 192494042?
4
What is the tens digit of 2263668338?
3
What is the units digit of 26404779?
9
What is the hundreds digit of 531073854?
8
What is the ten millions digit of 2653024806?
5
What is the millions digit of 22582425?
2
What is the ten thousands digit of 89866137?
6
What is the thousands digit of 209769704?
9
What is the hundred millions digit of 227164504?
2
What is the tens digit of 437602498?
9
What is the tens digit of 3673891595?
9
What is the hundred thousands digit of 773761609?
7
What is the ten thousands digit of 265878346?
7
What is the tens digit of 11643917?
1
What is the ten thousands digit of 4105156850?
5
What is the hundred millions digit of 6084159625?
0
What is the ten thousands digit of 244522675?
2
What is the ten millions digit of 37806500?
3
What is the millions digit of 162873860?
2
What is the hundreds digit of 220583374?
3
What is the thousands digit of 980625994?
5
What is the ten millions digit of 257695573?
5
What is the units digit of 1381724578?
8
What is the millions digit of 125056437?
5
What is the ten thousands digit of 32753328?
5
What is the tens digit of 179864036?
3
What is the billions digit of 1974596075?
1
What is the hundred thousands digit of 373772833?
7
What is the units digit of 1195248232?
2
What is the units digit of 14549625?
5
What is the hundred thousands digit of 53814322?
8
What is the tens digit of 1461122208?
0
What is the tens digit of 4181265650?
5
What is the millions digit of 66659689?
6
What is the hundred thousands digit of 60487206?
4
What is the units digit of 740190826?
6
What is the ten millions digit of 243494548?
4
What is the hundred thousands digit of 33833270?
8
What is the tens digit of 490658067?
6
What is the tens digit of 804284723?
2
What is the hundred millions digit of 142235915?
1
What is the millions digit of 2817604349?
7
What is the hundred millions digit of 224689697?
2
What is the tens digit of 8977232?
3
What is the millions digit of 642430807?
2
What is the ten thousands digit of 6578005?
7
What is the millions digit of 71480514?
1
What is the units digit of 121272092?
2
What is the ten thousands digit of 337801741?
0
What is the millions digit of 59043688?
9
What is the hundred thousands digit of 1938940748?
9
What is the ten millions digit of 191833893?
9
What is the hundred thousands digit of 59604813?
6
What is the hundreds digit of 544357609?
6
What is the thousands digit of 27152557?
2
What is the ten thousands digit of 824167201?
6
What is the units digit of 118065461?
1
What is the units digit of 324378053?
3
What is the millions digit of 3332187462?
2
What is the hundred thousands digit of 22176260?
1
What is the units digit of 849766323?
3
What is the millions digit of 157205022?
7
What is the units digit of 102984151?
1
What is the ten millions digit of 4062346030?
6
What is the units digit of 333436997?
7
What is the hundreds digit of 128986737?
7
What is the ten millions digit of 177078147?
7
What is the hundreds digit of 52181850?
8
What is the units digit of 383160545?
5
What is the ten millions digit of 112911664?
1
What is the hundreds digit of 5236630293?
2
What is the billions digit of 1105143508?
1
What is the tens digit of 1708521369?
6
What is the billions digit of 2323333669?
2
What is the ten millions digit of 143969316?
4
What is the hundreds digit of 99463311?
3
What is the hundred thousands digit of 47819465?
8
What is the thousands digit of 27397114?
7
What is the ten millions digit of 10830832?
1
What is the hundred thousands digit of 1173880554?
8
What is the tens digit of 27830457?
5
What is the tens digit of 1883226824?
2
What is the hundreds digit of 4924992?
9
What is the ten millions digit of 1937306201?
3
What is the ten thousands digit of 1955702937?
0
What is the units digit of 29155737?
7
What is the hundred millions digit of 268293377?
2
What is the hundred thousands digit of 564539360?
5
What is the millions digit of 2675440101?
5
What is the hundreds digit of 2666921250?
2
What is the hundreds digit of 15158460?
4
What is the hundred thousands digit of 315730205?
7
What is the hundred millions digit of 275772137?
2
What is the ten thousands digit of 715052943?
5
What is the thousands digit of 46609289?
9
What is the ten millions digit of 729527619?
2
What is the hundred thousands digit of 58656509?
6
What is the millions digit of 52956737?
2
What is the hundred millions digit of 6780104785?
7
What is the millions digit of 1531675518?
1
What is the thousands digit of 323238977?
8
What is the hundreds digit of 69361022?
0
What is the thousands digit of 15222622?
2
What is the hundreds digit of 3109938360?
3
What is the hundreds digit of 805603781?
7
What is the millions digit of 1230895335?
0
What is the hundreds digit of 111624775?
7
What is the ten millions digit of 2204374085?
0
What is the hundred millions digit of 104216098?
1
What is the hundred thousands digit of 105589916?
5
What is the units digit of 5468541638?
8
What is the hundreds digit of 360210901?
9
What is the tens digit of 33697132?
3
What is the thousands digit of 76287673?
7
What is the millions digit of 436571196?
6
What is the ten thousands digit of 83837865?
3
What is the hundred millions digit of 1595221875?
5
What is the millions digit of 112012265?
2
What is the ten millions digit of 317953037?
1
What is the thousands digit of 6826971?
6
What is the ten millions digit of 180527638?
8
What is the hundreds digit of 262973858?
8
What is the hundred millions digit of 827338454?
8
What is the units digit of 120962616?
6
What is the millions digit of 75380444?
5
What is the ten millions digit of 91745599?
9
What is the hundreds digit of 886017092?
0
What is the hundred thousands digit of 58657248?
6
What is the hundreds digit of 1836212071?
0
What is the thousands digit of 2731623941?
3
What is the ten thousands digit of 44974221?
7
What is the hundreds digit of 533932091?
0
What is the hundreds digit of 5195649559?
5
Wh